{"id":953,"date":"2017-12-02T19:21:01","date_gmt":"2017-12-02T17:21:01","guid":{"rendered":"http:\/\/buechermesse.ch\/?page_id=953"},"modified":"2019-09-18T19:09:36","modified_gmt":"2019-09-18T17:09:36","slug":"2017-2","status":"publish","type":"page","link":"https:\/\/buechermesse.ch\/?page_id=953&lang=de","title":{"rendered":"2017"},"content":{"rendered":"<div>\n<p>Das Programm ist endlich draussen und nun wird sogar der Blog aktualisiert!<\/p>\n<p><a href=\"http:\/\/buechermesse.ch\/wp-content\/uploads\/2017\/05\/1704-plaki-def_smB1.jpg\"><img loading=\"lazy\" decoding=\"async\" alt=\"1704-plaki-def_smB\" src=\"http:\/\/buechermesse.ch\/wp-content\/uploads\/2017\/05\/1704-plaki-def_smB1-215x300.jpg\" width=\"295\" height=\"413\" \/><\/a><\/p>\n<p><b>\u00d6ffnungszeiten B\u00fcchermesse<\/b>:<\/p>\n<p>Freitag 26. Mai: 18.00\u00a0 \u2013 23.00<\/p>\n<p>Samstag 27. Mai: 10.00 \u2013 19.00<\/p>\n<p>Konzerte ab 21.00<\/p>\n<p>Sonntag 28.Mai: 10.00 \u2013 16.00<\/p>\n<p>(B\u00fccherst\u00e4nde und Siebdruck nur Samstags &amp; Freitags)<\/p>\n<p><strong>Orte<\/strong><\/p>\n<p><strong>Veranstaltungen &amp; B\u00fcchertische<\/strong><\/p>\n<p>B\u00fchlplatz-Mensa, Gertrud-Woker-Strasse 3<\/p>\n<p>Casa d\u2019Italia, B\u00fchlstrasse 57<\/p>\n<p><strong>Konzerte am\u00a0 Samstag<\/strong><\/p>\n<p>Zieglerstrasse 9<\/p>\n<p><strong>Das Programm mit Beschreibungen der Veranstaltungen gibts <a href=\"http:\/\/buechermesse.ch\/wp-content\/uploads\/2017\/05\/1701bookfair-A5B-4web1.pdf\">hier<\/a> zum Download.<\/strong><\/p>\n<h4><strong>\u00a0<\/strong><strong>Freitag 26.Mai<\/strong><\/h4>\n<p>18.00 \u2013 23.00: B\u00fcchermesse, Lese-Ecke und Bar<\/p>\n<p>ab 19.00 Uhr: Ausstellung <strong>Uter<\/strong><\/p>\n<p><a href=\"http:\/\/buechermesse.ch\/wp-content\/uploads\/2017\/01\/libreto-uter_it-1q1.jpeg\"><img loading=\"lazy\" decoding=\"async\" alt=\"libreto-uter_it-1q\" src=\"http:\/\/buechermesse.ch\/wp-content\/uploads\/2017\/01\/libreto-uter_it-1q1-111x300.jpeg\" width=\"111\" height=\"300\" \/><\/a><\/p>\n<p>20.00: Buchpr\u00e4sentation <strong>Im Campfieber<\/strong><\/p>\n<p><a href=\"http:\/\/buechermesse.ch\/wp-content\/uploads\/2017\/05\/arton17646-449a9.jpg\"><img loading=\"lazy\" decoding=\"async\" alt=\"arton17646-449a9\" src=\"http:\/\/buechermesse.ch\/wp-content\/uploads\/2017\/05\/arton17646-449a9.jpg\" width=\"142\" height=\"200\" \/><\/a>Dieses Buch ist ein Versuch, ein Werkzeug, ein kleiner Pflasterstein gegen diese beschissene dWelt. Es geht darin um die Suche nach Antworten auf einige knifflige Fragen, die aufkommen, wenn wir mit vielen anderen zusammenkommen wollen. Zum Beispiel: Wie kann die Verpflegung f\u00fcr hunderte von Personen organisiert werden? Welche R\u00e4ume und welche Aufgaben braucht es, damit sich alle wohlf\u00fchlen k\u00f6nnen? Ist alles kostenlos erh\u00e4ltlich? Was ist f\u00fcr die Stromversorgung am besten: Stromgenerator oder Leitungen anzapfen?<br \/>\nAber das ist nicht alles; ein funktionierendes selbstverwaltetes Camp auf die Beine zu stellen ist eine unendliche Geschichte. Es gibt nicht f\u00fcr alles eine L\u00f6sung, es wurde noch nicht alles ausprobiert oder es werden Fehler begangen und mensch fliegt ordentlich auf die Fresse. Um aus verschiedenen Perspektiven \u00fcber all dies zu berichten, ist dieses Buch da. Diskussion und Pr\u00e4sentation.<\/p>\n<p>21.00: Konzert <strong>Manuel &amp; Moel<\/strong><\/p>\n<h4><strong>Samstag, 27.Mai<\/strong><\/h4>\n<p><strong><\/strong>11.00 -13.00: Pr\u00e4sentation <strong>Notara<\/strong><\/p>\n<p><b>Notara 26<\/b><\/p>\n<p><b>\u201cNotara 26\u2033:Besetzung f\u00fcr Fl\u00fcchtlinge und Migrant*innen in Exarcheia (Athen) stellt sich vor<\/b><\/p>\n<p>Vor eineinhalb Jahren haben wir ein leerstehendes \u00f6ffentliches Geb\u00e4ude in der Notara-Strasse 26 in Athen besetzt, um ein solidarisches Projekt f\u00fcr Fl\u00fcchtlinge und Migrant*innen zu schaffen, welches ihre unmittelbaren Bed\u00fcrfnisse nach Schutz, Unterkunft, Nahrung und medizinischer Versorgung deckt. Dieses Projekt steht nicht f\u00fcr Menschenliebe, sondern viel mehr f\u00fcr selbstorganisierte Solidarit\u00e4t, in welchem die lokale Bev\u00f6lkerung und Gefl\u00fcchtete an einer f\u00fcr alle offenen Versammlung gemeinsam Probleme angehen. Die Besetzung kann 120 Personen beherbergen \u2013 5\u2019500 Gefl\u00fcchtete sind bereits durch die T\u00fcren von Notara 26 getreten und teilweise bis heute geblieben.<br \/>\nAn der anarchistischen Buchmesse in Bern m\u00f6chten wir \u00fcber folgende Themen sprechen: Notara 26 stellt sich und ihr Vorgehen vor (Probleme, Fehler, Vorteile, Strategien), geht auf weitere Besetzungen f\u00fcr Gefl\u00fcchtete in Athen ein und diskutiert anarchistische Initiativen bez\u00fcglich Migration. Danach besteht Raum f\u00fcr Diskussionen und Fragen.<\/p>\n<p>13.15-15.45: Singworkshop : <strong>Vorbereitung<\/strong><\/p>\n<p>13.30-15.30: Pr\u00e4sentation <strong>Ein kritischer Blick auf Antisexismus in der Anarchistischen Szene<\/strong><\/p>\n<h1>Ein kritischer Blick auf Antisexismus in der anarchistischen Szene<\/h1>\n<p>Teil eins: Wir betrachten kurz die Geschichte feministischer Anliegen innerhalb der anarchistischen Szene in Griechenland, wie sich die heutigen Strukturen und vorherrschenden theoretischen Ans\u00e4tze der anarchistischen Gemeinschaft entwickelte. Geschlechtsspezifische Gewalt innerhalb des anarchistischen Milieus ist einer der Hauptgr\u00fcnde, warum das Thema Rape Culture vermehrt aufgebracht wird.<\/p>\n<p>Teil\u00a0 zwei: Wir diskutieren wie Rape Culture innerhalb der anarchistischen Subkultur funktioniert und sich reproduziert, wie zwischenmenschliche Gewalt de-politisiert wird, wie \u201cgestaltlose\u201d, nicht fassbare unterdr\u00fcckende Strukturen Geschlechterdiskriminierung f\u00f6rdert \u2013 im Spannungsfeld zwischen dem Bed\u00fcrfnis eine Gemeinschaft zu bilden sowie das unterdr\u00fcckerische System anzugreifen. Es gilt zu erkennen, dass und wie geschlechtsspezifische Gewalt eine haupts\u00e4chliche Methode ist, um Frauen* in unserer patriarchalen Gesellschaft zu unterdr\u00fccken. Das kollektive Werk \u201cVerrat \u2013 eine kiritische Analyse von Rape Culture in anarchistischen Subkulturen\u201d dient sowohl als Orientierungspunkt, als auch als Analysewerkzeug um greifbar zu machen, dass geschlechtsspezifische Gewalt nicht in einem gesellschaftlichen Vakuum passiert. Anarchistische Analysen von Macht und Kampf sind ein wichtiges Instrument um die Funktionsweise von Rape Culture zu dekonstruieren.<\/p>\n<p>16.00-18.00: Pr\u00e4sentation <strong>Lokaler Widerstand gegen die Ausbeutung der Umwelt<\/strong><\/p>\n<h1>Lokaler Widerstand gegen die Ausbeutung der Umwelt<\/h1>\n<p>Podiumsdiskussion mit Sprecher*innen von Artvin (T\u00fcrkei), Imider (Marokko) und Taranto (Italien) und Yvonne vom Solifonds als Gespr\u00e4chsleiterin.<\/p>\n<p>Die Bewohner*innen von Artvin, einer kleinen Stadt in der t\u00fcrkischen Schwarzmeerregion, wehren sich seit 20 Jahren gegen die Er\u00f6ffnung einer gef\u00e4hrlichen Gold- und Kupfermine. Auch nach Jahren des Widerstandes dauert der Konflikt weiter an. Imider ist der Ort der gr\u00f6ssten Silbermine in Afrika und der 7. gr\u00f6sste Silberproduzent weltweit. Es ist auch der Ort, wo eine Gruppe Protestierender seit 5 Jahren auf Mount Alebban leben, um das Grundwasser des Dorfes zu verteidigen. Der Kampf in Imider schliesst Themen wie Radikale Demokratie, dezentralisierte Entscheidungsfindung und Gender Gleichberechtigung mit ein. Im italienischen Taranto hat eine Stahlfabrik im Besitz von Ilva Industrien zu starker Umweltverschmutzung gef\u00fchrt. Das f\u00fchrte zu einem andauernden Widerstand, sowohl zum Schutze ihrer Gesundheit als auch zum Schutz der Umwelt.<\/p>\n<p>18.30: Singworkshop : <strong>Konzert<\/strong><\/p>\n<p><strong>Anschliessen Konzerte an der Zieglerstrasse9, offen ab 21.00<\/strong><\/p>\n<p>K0DE (solo set \/ acoustic powerwave)<\/p>\n<p>Basseville (psychedelic stoner garage)<\/p>\n<p>Syndrome WPW (violence and synths)<\/p>\n<h4><strong>Sonntag, 28. Mai<\/strong><\/h4>\n<p>10.00: Brunch<\/p>\n<p>12.00: Pr\u00e4sentation <strong>Widerstand von Haifa bis Gaza<\/strong><\/p>\n<h1>Widerstand von Haifa bis Gaza<\/h1>\n<p>Von Haifa \u00fcber Westjordan bis hin zu Gaza leisten Aktivist*innen Widerstand gegen Unterdr\u00fcckung, Apartheid und den kolonialistischen Charakter Israels. Seit \u00fcber einem Jahrzehnt organisiert das Popular Committee Against the Wall (Volkskomitee gegen die Mauer) w\u00f6chentliche Proteste im Westjordanland gegen die israelische Apartheidsmauer, Landraub und die Besatzung. Anarchists Against the Wall (AATW) nahmen an hunderten von Pal\u00e4stinenser*innen angeleiteten Demonstrationen und direkten Aktionen teil. Die revolution\u00e4re Bewegung Gaza Youth Breaks Out berichten: \u00abWir haben genug von Israel, Hamas, Besetzung, Verletzungen von Menschenrechten und der Gleichg\u00fcltigkeit der internationalen Gemeinschaft! Wir m\u00f6chten schreien und die Mauer des Schweigens, der Ungerechtigkeit und Gleichg\u00fcltigkeit durchbrechen, so wie die israelischen F16 die Schallmauer durchbrechen. Aktivist*innen verschiedener Gruppen werden \u00fcber ihren gemeinsamen Kampf berichten sowie auf das unterdr\u00fcckerische Vorgehen von Israel bez\u00fcglich anti-kolonialer Bestrebungen eingehen.<\/p>\n<p>14.00: Workshop <strong>Kaligraphie<\/strong><\/p>\n<\/div>\n","protected":false},"excerpt":{"rendered":"<p>Das Programm ist endlich draussen und nun wird sogar der Blog aktualisiert! \u00d6ffnungszeiten B\u00fcchermesse: Freitag 26. Mai: 18.00\u00a0 \u2013 23.00 Samstag 27. Mai: 10.00 \u2013 19.00 Konzerte ab 21.00 Sonntag 28.Mai: 10.00 \u2013 16.00 (B\u00fccherst\u00e4nde und Siebdruck nur Samstags &amp; Freitags) Orte Veranstaltungen &amp; B\u00fcchertische B\u00fchlplatz-Mensa, Gertrud-Woker-Strasse 3 Casa d\u2019Italia, B\u00fchlstrasse 57 Konzerte am\u00a0 Samstag &hellip; <a href=\"https:\/\/buechermesse.ch\/?page_id=953&#038;lang=de\" class=\"more-link\"><span class=\"screen-reader-text\">2017<\/span> weiterlesen <span class=\"meta-nav\">&rarr;<\/span><\/a><\/p>\n","protected":false},"author":1,"featured_media":0,"parent":0,"menu_order":0,"comment_status":"closed","ping_status":"open","template":"","meta":{"footnotes":""},"class_list":["post-953","page","type-page","status-publish","hentry"],"_links":{"self":[{"href":"https:\/\/buechermesse.ch\/index.php?rest_route=\/wp\/v2\/pages\/953","targetHints":{"allow":["GET"]}}],"collection":[{"href":"https:\/\/buechermesse.ch\/index.php?rest_route=\/wp\/v2\/pages"}],"about":[{"href":"https:\/\/buechermesse.ch\/index.php?rest_route=\/wp\/v2\/types\/page"}],"author":[{"embeddable":true,"href":"https:\/\/buechermesse.ch\/index.php?rest_route=\/wp\/v2\/users\/1"}],"replies":[{"embeddable":true,"href":"https:\/\/buechermesse.ch\/index.php?rest_route=%2Fwp%2Fv2%2Fcomments&post=953"}],"version-history":[{"count":8,"href":"https:\/\/buechermesse.ch\/index.php?rest_route=\/wp\/v2\/pages\/953\/revisions"}],"predecessor-version":[{"id":977,"href":"https:\/\/buechermesse.ch\/index.php?rest_route=\/wp\/v2\/pages\/953\/revisions\/977"}],"wp:attachment":[{"href":"https:\/\/buechermesse.ch\/index.php?rest_route=%2Fwp%2Fv2%2Fmedia&parent=953"}],"curies":[{"name":"wp","href":"https:\/\/api.w.org\/{rel}","templated":true}]}}

<div>
<p>Das Programm ist endlich draussen und nun wird sogar der Blog aktualisiert!</p>
<p><a href="http://buechermesse.ch/wp-content/uploads/2017/05/1704-plaki-def_smB1.jpg"><img loading="lazy" decoding="async" alt="1704-plaki-def_smB" src="http://buechermesse.ch/wp-content/uploads/2017/05/1704-plaki-def_smB1-215x300.jpg" width="295" height="413" /></a></p>
<p><b>Öffnungszeiten Büchermesse</b>:</p>
<p>Freitag 26. Mai: 18.00  – 23.00</p>
<p>Samstag 27. Mai: 10.00 – 19.00</p>
<p>Konzerte ab 21.00</p>
<p>Sonntag 28.Mai: 10.00 – 16.00</p>
<p>(Bücherstände und Siebdruck nur Samstags &amp; Freitags)</p>
<p><strong>Orte</strong></p>
<p><strong>Veranstaltungen &amp; Büchertische</strong></p>
<p>Bühlplatz-Mensa, Gertrud-Woker-Strasse 3</p>
<p>Casa d’Italia, Bühlstrasse 57</p>
<p><strong>Konzerte am  Samstag</strong></p>
<p>Zieglerstrasse 9</p>
<p><strong>Das Programm mit Beschreibungen der Veranstaltungen gibts <a href="http://buechermesse.ch/wp-content/uploads/2017/05/1701bookfair-A5B-4web1.pdf">hier</a> zum Download.</strong></p>
<h4><strong> </strong><strong>Freitag 26.Mai</strong></h4>
<p>18.00 – 23.00: Büchermesse, Lese-Ecke und Bar</p>
<p>ab 19.00 Uhr: Ausstellung <strong>Uter</strong></p>
<p><a href="http://buechermesse.ch/wp-content/uploads/2017/01/libreto-uter_it-1q1.jpeg"><img loading="lazy" decoding="async" alt="libreto-uter_it-1q" src="http://buechermesse.ch/wp-content/uploads/2017/01/libreto-uter_it-1q1-111x300.jpeg" width="111" height="300" /></a></p>
<p>20.00: Buchpräsentation <strong>Im Campfieber</strong></p>
<p><a href="http://buechermesse.ch/wp-content/uploads/2017/05/arton17646-449a9.jpg"><img loading="lazy" decoding="async" alt="arton17646-449a9" src="http://buechermesse.ch/wp-content/uploads/2017/05/arton17646-449a9.jpg" width="142" height="200" /></a>Dieses Buch ist ein Versuch, ein Werkzeug, ein kleiner Pflasterstein gegen diese beschissene dWelt. Es geht darin um die Suche nach Antworten auf einige knifflige Fragen, die aufkommen, wenn wir mit vielen anderen zusammenkommen wollen. Zum Beispiel: Wie kann die Verpflegung für hunderte von Personen organisiert werden? Welche Räume und welche Aufgaben braucht es, damit sich alle wohlfühlen können? Ist alles kostenlos erhältlich? Was ist für die Stromversorgung am besten: Stromgenerator oder Leitungen anzapfen?<br />
Aber das ist nicht alles; ein funktionierendes selbstverwaltetes Camp auf die Beine zu stellen ist eine unendliche Geschichte. Es gibt nicht für alles eine Lösung, es wurde noch nicht alles ausprobiert oder es werden Fehler begangen und mensch fliegt ordentlich auf die Fresse. Um aus verschiedenen Perspektiven über all dies zu berichten, ist dieses Buch da. Diskussion und Präsentation.</p>
<p>21.00: Konzert <strong>Manuel &amp; Moel</strong></p>
<h4><strong>Samstag, 27.Mai</strong></h4>
<p><strong></strong>11.00 -13.00: Präsentation <strong>Notara</strong></p>
<p><b>Notara 26</b></p>
<p><b>“Notara 26″:Besetzung für Flüchtlinge und Migrant*innen in Exarcheia (Athen) stellt sich vor</b></p>
<p>Vor eineinhalb Jahren haben wir ein leerstehendes öffentliches Gebäude in der Notara-Strasse 26 in Athen besetzt, um ein solidarisches Projekt für Flüchtlinge und Migrant*innen zu schaffen, welches ihre unmittelbaren Bedürfnisse nach Schutz, Unterkunft, Nahrung und medizinischer Versorgung deckt. Dieses Projekt steht nicht für Menschenliebe, sondern viel mehr für selbstorganisierte Solidarität, in welchem die lokale Bevölkerung und Geflüchtete an einer für alle offenen Versammlung gemeinsam Probleme angehen. Die Besetzung kann 120 Personen beherbergen – 5’500 Geflüchtete sind bereits durch die Türen von Notara 26 getreten und teilweise bis heute geblieben.<br />
An der anarchistischen Buchmesse in Bern möchten wir über folgende Themen sprechen: Notara 26 stellt sich und ihr Vorgehen vor (Probleme, Fehler, Vorteile, Strategien), geht auf weitere Besetzungen für Geflüchtete in Athen ein und diskutiert anarchistische Initiativen bezüglich Migration. Danach besteht Raum für Diskussionen und Fragen.</p>
<p>13.15-15.45: Singworkshop : <strong>Vorbereitung</strong></p>
<p>13.30-15.30: Präsentation <strong>Ein kritischer Blick auf Antisexismus in der Anarchistischen Szene</strong></p>
<h1>Ein kritischer Blick auf Antisexismus in der anarchistischen Szene</h1>
<p>Teil eins: Wir betrachten kurz die Geschichte feministischer Anliegen innerhalb der anarchistischen Szene in Griechenland, wie sich die heutigen Strukturen und vorherrschenden theoretischen Ansätze der anarchistischen Gemeinschaft entwickelte. Geschlechtsspezifische Gewalt innerhalb des anarchistischen Milieus ist einer der Hauptgründe, warum das Thema Rape Culture vermehrt aufgebracht wird.</p>
<p>Teil  zwei: Wir diskutieren wie Rape Culture innerhalb der anarchistischen Subkultur funktioniert und sich reproduziert, wie zwischenmenschliche Gewalt de-politisiert wird, wie “gestaltlose”, nicht fassbare unterdrückende Strukturen Geschlechterdiskriminierung fördert – im Spannungsfeld zwischen dem Bedürfnis eine Gemeinschaft zu bilden sowie das unterdrückerische System anzugreifen. Es gilt zu erkennen, dass und wie geschlechtsspezifische Gewalt eine hauptsächliche Methode ist, um Frauen* in unserer patriarchalen Gesellschaft zu unterdrücken. Das kollektive Werk “Verrat – eine kiritische Analyse von Rape Culture in anarchistischen Subkulturen” dient sowohl als Orientierungspunkt, als auch als Analysewerkzeug um greifbar zu machen, dass geschlechtsspezifische Gewalt nicht in einem gesellschaftlichen Vakuum passiert. Anarchistische Analysen von Macht und Kampf sind ein wichtiges Instrument um die Funktionsweise von Rape Culture zu dekonstruieren.</p>
<p>16.00-18.00: Präsentation <strong>Lokaler Widerstand gegen die Ausbeutung der Umwelt</strong></p>
<h1>Lokaler Widerstand gegen die Ausbeutung der Umwelt</h1>
<p>Podiumsdiskussion mit Sprecher*innen von Artvin (Türkei), Imider (Marokko) und Taranto (Italien) und Yvonne vom Solifonds als Gesprächsleiterin.</p>
<p>Die Bewohner*innen von Artvin, einer kleinen Stadt in der türkischen Schwarzmeerregion, wehren sich seit 20 Jahren gegen die Eröffnung einer gefährlichen Gold- und Kupfermine. Auch nach Jahren des Widerstandes dauert der Konflikt weiter an. Imider ist der Ort der grössten Silbermine in Afrika und der 7. grösste Silberproduzent weltweit. Es ist auch der Ort, wo eine Gruppe Protestierender seit 5 Jahren auf Mount Alebban leben, um das Grundwasser des Dorfes zu verteidigen. Der Kampf in Imider schliesst Themen wie Radikale Demokratie, dezentralisierte Entscheidungsfindung und Gender Gleichberechtigung mit ein. Im italienischen Taranto hat eine Stahlfabrik im Besitz von Ilva Industrien zu starker Umweltverschmutzung geführt. Das führte zu einem andauernden Widerstand, sowohl zum Schutze ihrer Gesundheit als auch zum Schutz der Umwelt.</p>
<p>18.30: Singworkshop : <strong>Konzert</strong></p>
<p><strong>Anschliessen Konzerte an der Zieglerstrasse9, offen ab 21.00</strong></p>
<p>K0DE (solo set / acoustic powerwave)</p>
<p>Basseville (psychedelic stoner garage)</p>
<p>Syndrome WPW (violence and synths)</p>
<h4><strong>Sonntag, 28. Mai</strong></h4>
<p>10.00: Brunch</p>
<p>12.00: Präsentation <strong>Widerstand von Haifa bis Gaza</strong></p>
<h1>Widerstand von Haifa bis Gaza</h1>
<p>Von Haifa über Westjordan bis hin zu Gaza leisten Aktivist*innen Widerstand gegen Unterdrückung, Apartheid und den kolonialistischen Charakter Israels. Seit über einem Jahrzehnt organisiert das Popular Committee Against the Wall (Volkskomitee gegen die Mauer) wöchentliche Proteste im Westjordanland gegen die israelische Apartheidsmauer, Landraub und die Besatzung. Anarchists Against the Wall (AATW) nahmen an hunderten von Palästinenser*innen angeleiteten Demonstrationen und direkten Aktionen teil. Die revolutionäre Bewegung Gaza Youth Breaks Out berichten: «Wir haben genug von Israel, Hamas, Besetzung, Verletzungen von Menschenrechten und der Gleichgültigkeit der internationalen Gemeinschaft! Wir möchten schreien und die Mauer des Schweigens, der Ungerechtigkeit und Gleichgültigkeit durchbrechen, so wie die israelischen F16 die Schallmauer durchbrechen. Aktivist*innen verschiedener Gruppen werden über ihren gemeinsamen Kampf berichten sowie auf das unterdrückerische Vorgehen von Israel bezüglich anti-kolonialer Bestrebungen eingehen.</p>
<p>14.00: Workshop <strong>Kaligraphie</strong></p>
</div>

<p>Das Programm ist endlich draussen und nun wird sogar der Blog aktualisiert! Öffnungszeiten Büchermesse: Freitag 26. Mai: 18.00  – 23.00 Samstag 27. Mai: 10.00 – 19.00 Konzerte ab 21.00 Sonntag 28.Mai: 10.00 – 16.00 (Bücherstände und Siebdruck nur Samstags &amp; Freitags) Orte Veranstaltungen &amp; Büchertische Bühlplatz-Mensa, Gertrud-Woker-Strasse 3 Casa d’Italia, Bühlstrasse 57 Konzerte am  Samstag &hellip; <a href="https://buechermesse.ch/?page_id=953&#038;lang=de" class="more-link"><span class="screen-reader-text">2017</span> weiterlesen <span class="meta-nav">&rarr;</span></a></p>
