{"id":628,"date":"2017-01-05T19:51:12","date_gmt":"2017-01-05T17:51:12","guid":{"rendered":"http:\/\/buechermesse.ch\/?page_id=628"},"modified":"2021-09-22T14:07:53","modified_gmt":"2021-09-22T12:07:53","slug":"presentations-discussions","status":"publish","type":"page","link":"https:\/\/buechermesse.ch\/?page_id=628&lang=en","title":{"rendered":"Presentations \/ Discussions"},"content":{"rendered":"\n<h3 class=\"wp-block-heading\">11am-1pm<\/h3>\n\n\n\n<p>Book\npresentation \u201cRebellisches Berlin. Expeditionen in die untergr\u00fcndige Stadt\u201d <\/p>\n\n\n\n<p>The book tells the story of the rebellious Berlin from the \u201cBerliner Unwillen\u201d riots in 1440 until today\u2019s struggle against gentrification and for decent housing and rents. \u201cRebellisches Berlin\u201d does not only speak about the past and make it visible through still existing places, but wants also to encourage and inspire future struggles and rebellions. <\/p>\n\n\n\n<h3 class=\"wp-block-heading\">4pm-6pm<\/h3>\n\n\n\n<p>The Viome\nfactory in Greece: living utopia <\/p>\n\n\n\n<p>When the company went bankrupt in 2011, the workers of Philkeram Johnson\noccupied the factory and started to produce biodegradable cleaning products.\nUntil today, Viome manages through a horizontal non-hierarchical scheme of\norganisation to produce high quality products proving that a thriving self-organized\nfactory is not a utopia. <\/p>\n\n\n\n<p>Two Viome workers talk about the start of the project, the struggles they faced and the experience they acquired in self-organisation. <\/p>\n\n\n\n<h3 class=\"wp-block-heading\">7pm-9pm<\/h3>\n\n\n\n<p>LIBERATION\nFROM MONEY AND PROPERTY \u2013 organising the re_production without domination <\/p>\n\n\n\n<p>The workshop starts with a short introduction to the criticism of the present conditions (that necessarily has to leave some parts out\u2026). The main part then presents first reflexions and some aspects on how to organise the re_production without domination. The last part concentrates on possible steps how we can liberate ourselves already today a little bit more from money and property. We\u2019ll discuss collective actions too. <\/p>\n\n\n\n<h3 class=\"wp-block-heading\">8pm-9pm<\/h3>\n\n\n\n<p><strong>Candle light reading\u00a0:<\/strong> <strong>\u00ab\u00a0Mines de Courri\u00e8res, ignominie capitaliste, face aux patrons-assassins, la r\u00e9volte des classes ouvri\u00e8res\u00a0\u00bb (in French only) <\/strong> A reading of historical sources in order to remind us of the social militant history and to rediscover the struggles that led to social conquests that we forgot today, what makes that we make intolerable concessions to the bosses.  <\/p>\n\n\n\n<h3 class=\"wp-block-heading\">9pm<\/h3>\n\n\n\n<p>Movie\nscreening: \u201cRadical Resilience\u201c<\/p>\n\n\n\n<p>Radical\nResilience is a film for anyone involved in social or environmental change,\nthat aims to spread awareness and encourage discussion about the effects of\nburnout within our movements, both individually and collectively. <\/p>\n","protected":false},"excerpt":{"rendered":"<p>11am-1pm Book presentation \u201cRebellisches Berlin. Expeditionen in die untergr\u00fcndige Stadt\u201d The book tells the story of the rebellious Berlin from the \u201cBerliner Unwillen\u201d riots in 1440 until today\u2019s struggle against gentrification and for decent housing and rents. \u201cRebellisches Berlin\u201d does not only speak about the past and make it visible through still existing places, but &hellip; <a href=\"https:\/\/buechermesse.ch\/?page_id=628&#038;lang=en\" class=\"more-link\"><span class=\"screen-reader-text\">Presentations \/ Discussions<\/span> weiterlesen <span class=\"meta-nav\">&rarr;<\/span><\/a><\/p>\n","protected":false},"author":1,"featured_media":0,"parent":0,"menu_order":0,"comment_status":"closed","ping_status":"closed","template":"","meta":{"footnotes":""},"class_list":["post-628","page","type-page","status-publish","hentry"],"_links":{"self":[{"href":"https:\/\/buechermesse.ch\/index.php?rest_route=\/wp\/v2\/pages\/628","targetHints":{"allow":["GET"]}}],"collection":[{"href":"https:\/\/buechermesse.ch\/index.php?rest_route=\/wp\/v2\/pages"}],"about":[{"href":"https:\/\/buechermesse.ch\/index.php?rest_route=\/wp\/v2\/types\/page"}],"author":[{"embeddable":true,"href":"https:\/\/buechermesse.ch\/index.php?rest_route=\/wp\/v2\/users\/1"}],"replies":[{"embeddable":true,"href":"https:\/\/buechermesse.ch\/index.php?rest_route=%2Fwp%2Fv2%2Fcomments&post=628"}],"version-history":[{"count":15,"href":"https:\/\/buechermesse.ch\/index.php?rest_route=\/wp\/v2\/pages\/628\/revisions"}],"predecessor-version":[{"id":2111,"href":"https:\/\/buechermesse.ch\/index.php?rest_route=\/wp\/v2\/pages\/628\/revisions\/2111"}],"wp:attachment":[{"href":"https:\/\/buechermesse.ch\/index.php?rest_route=%2Fwp%2Fv2%2Fmedia&parent=628"}],"curies":[{"name":"wp","href":"https:\/\/api.w.org\/{rel}","templated":true}]}}