{"id":556,"date":"2017-01-05T19:04:14","date_gmt":"2017-01-05T17:04:14","guid":{"rendered":"http:\/\/buechermesse.ch\/?page_id=556"},"modified":"2021-09-20T12:39:18","modified_gmt":"2021-09-20T10:39:18","slug":"vendredi","status":"publish","type":"page","link":"https:\/\/buechermesse.ch\/?page_id=556&lang=fr","title":{"rendered":"Vendredi"},"content":{"rendered":"\n<p><strong>De 17h \u00e0 23h<\/strong> : stands de livre et bar<\/p>\n\n\n\n<p><strong>De 18h \u00e0 19h<\/strong> : souper<\/p>\n\n\n\n<p><strong>De 19h \u00e0 21h<\/strong> : Pr\u00e9sentation de livre : La Ligue d\u2019action du b\u00e2timent. L\u2019anarchisme \u00e0 la conqu\u00eate des chantiers genevois dans l\u2019entre-deux-guerres<\/p>\n\n\n\n<p><strong>21h<\/strong> : projection du documentaire &#8222;Next Stop Utopia&#8220; sur l&#8217;usine autog\u00e9r\u00e9e Viome en Gr\u00e8ce<\/p>\n\n\n\n<p><strong>De 19h \u00e0 23h : <\/strong>soir\u00e9e jeu de soci\u00e9t\u00e9 <\/p>\n","protected":false},"excerpt":{"rendered":"<p>De 17h \u00e0 23h : stands de livre et bar De 18h \u00e0 19h : souper De 19h \u00e0 21h : Pr\u00e9sentation de livre : La Ligue d\u2019action du b\u00e2timent. L\u2019anarchisme \u00e0 la conqu\u00eate des chantiers genevois dans l\u2019entre-deux-guerres 21h : projection du documentaire &#8222;Next Stop Utopia&#8220; sur l&#8217;usine autog\u00e9r\u00e9e Viome en Gr\u00e8ce De 19h &hellip; <a href=\"https:\/\/buechermesse.ch\/?page_id=556&#038;lang=fr\" class=\"more-link\"><span class=\"screen-reader-text\">Vendredi<\/span> weiterlesen <span class=\"meta-nav\">&rarr;<\/span><\/a><\/p>\n","protected":false},"author":1,"featured_media":0,"parent":0,"menu_order":0,"comment_status":"closed","ping_status":"closed","template":"","meta":{"footnotes":""},"class_list":["post-556","page","type-page","status-publish","hentry"],"_links":{"self":[{"href":"https:\/\/buechermesse.ch\/index.php?rest_route=\/wp\/v2\/pages\/556","targetHints":{"allow":["GET"]}}],"collection":[{"href":"https:\/\/buechermesse.ch\/index.php?rest_route=\/wp\/v2\/pages"}],"about":[{"href":"https:\/\/buechermesse.ch\/index.php?rest_route=\/wp\/v2\/types\/page"}],"author":[{"embeddable":true,"href":"https:\/\/buechermesse.ch\/index.php?rest_route=\/wp\/v2\/users\/1"}],"replies":[{"embeddable":true,"href":"https:\/\/buechermesse.ch\/index.php?rest_route=%2Fwp%2Fv2%2Fcomments&post=556"}],"version-history":[{"count":14,"href":"https:\/\/buechermesse.ch\/index.php?rest_route=\/wp\/v2\/pages\/556\/revisions"}],"predecessor-version":[{"id":2056,"href":"https:\/\/buechermesse.ch\/index.php?rest_route=\/wp\/v2\/pages\/556\/revisions\/2056"}],"wp:attachment":[{"href":"https:\/\/buechermesse.ch\/index.php?rest_route=%2Fwp%2Fv2%2Fmedia&parent=556"}],"curies":[{"name":"wp","href":"https:\/\/api.w.org\/{rel}","templated":true}]}}

<p><strong>De 17h à 23h</strong> : stands de livre et bar</p>



<p><strong>De 18h à 19h</strong> : souper</p>



<p><strong>De 19h à 21h</strong> : Présentation de livre : La Ligue d’action du bâtiment. L’anarchisme à la conquête des chantiers genevois dans l’entre-deux-guerres</p>



<p><strong>21h</strong> : projection du documentaire &#8222;Next Stop Utopia&#8220; sur l&#8217;usine autogérée Viome en Grèce</p>



<p><strong>De 19h à 23h : </strong>soirée jeu de société </p>

<p>De 17h à 23h : stands de livre et bar De 18h à 19h : souper De 19h à 21h : Présentation de livre : La Ligue d’action du bâtiment. L’anarchisme à la conquête des chantiers genevois dans l’entre-deux-guerres 21h : projection du documentaire &#8222;Next Stop Utopia&#8220; sur l&#8217;usine autogérée Viome en Grèce De 19h &hellip; <a href="https://buechermesse.ch/?page_id=556&#038;lang=fr" class="more-link"><span class="screen-reader-text">Vendredi</span> weiterlesen <span class="meta-nav">&rarr;</span></a></p>
