{"id":18,"date":"2014-11-24T16:06:50","date_gmt":"2014-11-24T14:06:50","guid":{"rendered":"http:\/\/buechermesse.ch\/?page_id=18"},"modified":"2015-04-11T11:47:20","modified_gmt":"2015-04-11T09:47:20","slug":"anmeldung","status":"publish","type":"page","link":"https:\/\/buechermesse.ch\/?page_id=18&lang=de","title":{"rendered":"Anmeldung"},"content":{"rendered":"<h5>B\u00fcchertische<\/h5>\n<p>Als Betreuer*in eines anarchistischen Verlages oder Vertriebes, als Autor*in oder als Mitglied einer libert\u00e4ren Organisation hast du die M\u00f6glichkeit, deine B\u00fccher, Brosch\u00fcren, Pamphlete, Zeitschriften, CDs, Bekleidung an der Buchmesse auszustellen. Grunds\u00e4tzlich sch\u00e4tzen wir es, wenn du pers\u00f6nlich am Anlass anwesend bist, es gibt aber auch die M\u00f6glichkeit, uns Gratismaterial zu senden, damit wir dieses auflegen k\u00f6nnen&#8230;<\/p>\n<p>Um die anfallenden Kosten (Raummiete, Werbung etc.) decken zu k\u00f6nnen, werden wir pro belegten Tisch eine Standgeb\u00fchr in der H\u00f6he von 30 Franken erheben, die an einem der beiden Ausstellungstage eingezogen werden wird. Sie soll dich aber keineswegs davon abhalten, an der Buchmesse teilzunehmen! Falls du dir den Betrag nicht leisten kannst, melde dich doch bitte bei uns.<\/p>\n<p>Ein Tisch misst ca. 1,6 x 0,8 m. (kleinere \u00c4nderungen vorbehalten)\u00a0 Beachte bitte, dass wir nicht mehr als einen Tisch\/AusstellerIn garantieren k\u00f6nnen. Falls du einen Gemeinschaftstisch anmelden m\u00f6chtest, erw\u00e4hne das ebenfalls in deiner Anmeldung.<\/p>\n<p><strong>Anmeldung per E-Mail an: info@buechermesse.ch<\/strong> (Bitte angeben, wie viel Tische du ungef\u00e4hr ben\u00f6tigst und wie viele Personen mit dir anreisen.)<\/p>\n<h5>Veranstaltungen<\/h5>\n<p>W\u00fcrdest du gerne eine Lesung oder ein Referat halten, einen Film vorf\u00fchren, eine Ausstellung machen oder einen Workshop rund um das Thema Anarchismus anbieten? Gerne! Melde dich bei uns unter der Adresse: info@buechermesse.ch<\/p>\n","protected":false},"excerpt":{"rendered":"<p>B\u00fcchertische Als Betreuer*in eines anarchistischen Verlages oder Vertriebes, als Autor*in oder als Mitglied einer libert\u00e4ren Organisation hast du die M\u00f6glichkeit, deine B\u00fccher, Brosch\u00fcren, Pamphlete, Zeitschriften, CDs, Bekleidung an der Buchmesse auszustellen. Grunds\u00e4tzlich sch\u00e4tzen wir es, wenn du pers\u00f6nlich am Anlass anwesend bist, es gibt aber auch die M\u00f6glichkeit, uns Gratismaterial zu senden, damit wir dieses &hellip; <a href=\"https:\/\/buechermesse.ch\/?page_id=18&#038;lang=de\" class=\"more-link\"><span class=\"screen-reader-text\">Anmeldung<\/span> weiterlesen <span class=\"meta-nav\">&rarr;<\/span><\/a><\/p>\n","protected":false},"author":1,"featured_media":0,"parent":0,"menu_order":5,"comment_status":"closed","ping_status":"closed","template":"","meta":{"footnotes":""},"class_list":["post-18","page","type-page","status-publish","hentry"],"_links":{"self":[{"href":"https:\/\/buechermesse.ch\/index.php?rest_route=\/wp\/v2\/pages\/18","targetHints":{"allow":["GET"]}}],"collection":[{"href":"https:\/\/buechermesse.ch\/index.php?rest_route=\/wp\/v2\/pages"}],"about":[{"href":"https:\/\/buechermesse.ch\/index.php?rest_route=\/wp\/v2\/types\/page"}],"author":[{"embeddable":true,"href":"https:\/\/buechermesse.ch\/index.php?rest_route=\/wp\/v2\/users\/1"}],"replies":[{"embeddable":true,"href":"https:\/\/buechermesse.ch\/index.php?rest_route=%2Fwp%2Fv2%2Fcomments&post=18"}],"version-history":[{"count":6,"href":"https:\/\/buechermesse.ch\/index.php?rest_route=\/wp\/v2\/pages\/18\/revisions"}],"predecessor-version":[{"id":186,"href":"https:\/\/buechermesse.ch\/index.php?rest_route=\/wp\/v2\/pages\/18\/revisions\/186"}],"wp:attachment":[{"href":"https:\/\/buechermesse.ch\/index.php?rest_route=%2Fwp%2Fv2%2Fmedia&parent=18"}],"curies":[{"name":"wp","href":"https:\/\/api.w.org\/{rel}","templated":true}]}}

<h5>Büchertische</h5>
<p>Als Betreuer*in eines anarchistischen Verlages oder Vertriebes, als Autor*in oder als Mitglied einer libertären Organisation hast du die Möglichkeit, deine Bücher, Broschüren, Pamphlete, Zeitschriften, CDs, Bekleidung an der Buchmesse auszustellen. Grundsätzlich schätzen wir es, wenn du persönlich am Anlass anwesend bist, es gibt aber auch die Möglichkeit, uns Gratismaterial zu senden, damit wir dieses auflegen können&#8230;</p>
<p>Um die anfallenden Kosten (Raummiete, Werbung etc.) decken zu können, werden wir pro belegten Tisch eine Standgebühr in der Höhe von 30 Franken erheben, die an einem der beiden Ausstellungstage eingezogen werden wird. Sie soll dich aber keineswegs davon abhalten, an der Buchmesse teilzunehmen! Falls du dir den Betrag nicht leisten kannst, melde dich doch bitte bei uns.</p>
<p>Ein Tisch misst ca. 1,6 x 0,8 m. (kleinere Änderungen vorbehalten)  Beachte bitte, dass wir nicht mehr als einen Tisch/AusstellerIn garantieren können. Falls du einen Gemeinschaftstisch anmelden möchtest, erwähne das ebenfalls in deiner Anmeldung.</p>
<p><strong>Anmeldung per E-Mail an: info@buechermesse.ch</strong> (Bitte angeben, wie viel Tische du ungefähr benötigst und wie viele Personen mit dir anreisen.)</p>
<h5>Veranstaltungen</h5>
<p>Würdest du gerne eine Lesung oder ein Referat halten, einen Film vorführen, eine Ausstellung machen oder einen Workshop rund um das Thema Anarchismus anbieten? Gerne! Melde dich bei uns unter der Adresse: info@buechermesse.ch</p>

<p>Büchertische Als Betreuer*in eines anarchistischen Verlages oder Vertriebes, als Autor*in oder als Mitglied einer libertären Organisation hast du die Möglichkeit, deine Bücher, Broschüren, Pamphlete, Zeitschriften, CDs, Bekleidung an der Buchmesse auszustellen. Grundsätzlich schätzen wir es, wenn du persönlich am Anlass anwesend bist, es gibt aber auch die Möglichkeit, uns Gratismaterial zu senden, damit wir dieses &hellip; <a href="https://buechermesse.ch/?page_id=18&#038;lang=de" class="more-link"><span class="screen-reader-text">Anmeldung</span> weiterlesen <span class="meta-nav">&rarr;</span></a></p>
