{"id":1718,"date":"2019-05-11T10:24:09","date_gmt":"2019-05-11T08:24:09","guid":{"rendered":"http:\/\/buechermesse.ch\/?page_id=1718"},"modified":"2019-09-18T19:09:36","modified_gmt":"2019-09-18T17:09:36","slug":"zuganglichkeit","status":"publish","type":"page","link":"https:\/\/buechermesse.ch\/?page_id=1718&lang=de","title":{"rendered":"Accessibility"},"content":{"rendered":"<p><strong>\u00a0<\/strong><\/p>\n<p>Wenn du eine eingeschr\u00e4nkte Mobilit\u00e4t oder irgendwelche Geh\u00f6rbeeintr\u00e4chtigungen hast, bitte gib uns vorg\u00e4ngig Bescheid. Wir werden unser bestes tun, um dir den Zugang zu erm\u00f6glichen.<\/p>\n<p>Leider sind nicht alle Pr\u00e4sentationen\/Workshops Rollstuhlg\u00e4ngig &#8211; die Buchmesse selbst schon.<\/p>\n<p>Alle Aktivit\u00e4ten werden \u00fcbersetz in Englisch, Franz\u00f6sich und Deutsch.<\/p>\n<p>&nbsp;<\/p>\n","protected":false},"excerpt":{"rendered":"<p>\u00a0 Wenn du eine eingeschr\u00e4nkte Mobilit\u00e4t oder irgendwelche Geh\u00f6rbeeintr\u00e4chtigungen hast, bitte gib uns vorg\u00e4ngig Bescheid. Wir werden unser bestes tun, um dir den Zugang zu erm\u00f6glichen. Leider sind nicht alle Pr\u00e4sentationen\/Workshops Rollstuhlg\u00e4ngig &#8211; die Buchmesse selbst schon. Alle Aktivit\u00e4ten werden \u00fcbersetz in Englisch, Franz\u00f6sich und Deutsch. &nbsp;<\/p>\n","protected":false},"author":1,"featured_media":0,"parent":0,"menu_order":0,"comment_status":"closed","ping_status":"open","template":"","meta":{"footnotes":""},"class_list":["post-1718","page","type-page","status-publish","hentry"],"_links":{"self":[{"href":"https:\/\/buechermesse.ch\/index.php?rest_route=\/wp\/v2\/pages\/1718","targetHints":{"allow":["GET"]}}],"collection":[{"href":"https:\/\/buechermesse.ch\/index.php?rest_route=\/wp\/v2\/pages"}],"about":[{"href":"https:\/\/buechermesse.ch\/index.php?rest_route=\/wp\/v2\/types\/page"}],"author":[{"embeddable":true,"href":"https:\/\/buechermesse.ch\/index.php?rest_route=\/wp\/v2\/users\/1"}],"replies":[{"embeddable":true,"href":"https:\/\/buechermesse.ch\/index.php?rest_route=%2Fwp%2Fv2%2Fcomments&post=1718"}],"version-history":[{"count":3,"href":"https:\/\/buechermesse.ch\/index.php?rest_route=\/wp\/v2\/pages\/1718\/revisions"}],"predecessor-version":[{"id":1754,"href":"https:\/\/buechermesse.ch\/index.php?rest_route=\/wp\/v2\/pages\/1718\/revisions\/1754"}],"wp:attachment":[{"href":"https:\/\/buechermesse.ch\/index.php?rest_route=%2Fwp%2Fv2%2Fmedia&parent=1718"}],"curies":[{"name":"wp","href":"https:\/\/api.w.org\/{rel}","templated":true}]}}