{"id":1112,"date":"2018-04-12T17:40:44","date_gmt":"2018-04-12T15:40:44","guid":{"rendered":"http:\/\/buechermesse.ch\/?page_id=1112"},"modified":"2018-04-19T19:08:55","modified_gmt":"2018-04-19T17:08:55","slug":"raaupe-revolution-als-alltag-gemeinsame-okonomie-und-kollektive-organisation-vom-leben","status":"publish","type":"page","link":"https:\/\/buechermesse.ch\/?page_id=1112&lang=de","title":{"rendered":"RaAupe &#8211; Revolution als Alltag: Gemeinsame \u00d6konomie und kollektive Organisation vom Leben"},"content":{"rendered":"<style type=\"text\/css\"><!--\nP { margin-bottom: 0.1in; line-height: 120%; }\n--><\/style>\n<p align=\"JUSTIFY\">RaAupe ist ein Kollektiv, das im Hier und Jetzt durch unser Tun und<br \/>\nLassen im Alltag versucht zu einer nicht-kapitalistischen und solidarischen Gesellschaft beizutragen. Unser Ziel ist es, Teilbereiche des Lebens wie Lohnarbeit, Carearbeit, G\u00fcterproduktion, politischer Aktivismus und kritische Bildung gemeinsam zu koordinieren und organisieren. Deshalb leben wir auch in gemeinsamer \u00d6konomie, kurz wir teilen unser Geld, ohne dass wir miteinander wohnen.<\/p>\n<p align=\"JUSTIFY\">Wir m\u00f6chten euch unsere Idee, unsere Strukturen und unsere (ungel\u00f6sten) Fragen vorstellen und mit euch anhand der Erfahrungen gemeinsam diskutieren, wie und ob das Revolution\u00e4re im Alltag unterzubringen ist.<\/p>\n","protected":false},"excerpt":{"rendered":"<p>RaAupe ist ein Kollektiv, das im Hier und Jetzt durch unser Tun und Lassen im Alltag versucht zu einer nicht-kapitalistischen und solidarischen Gesellschaft beizutragen. Unser Ziel ist es, Teilbereiche des Lebens wie Lohnarbeit, Carearbeit, G\u00fcterproduktion, politischer Aktivismus und kritische Bildung gemeinsam zu koordinieren und organisieren. Deshalb leben wir auch in gemeinsamer \u00d6konomie, kurz wir teilen &hellip; <a href=\"https:\/\/buechermesse.ch\/?page_id=1112&#038;lang=de\" class=\"more-link\"><span class=\"screen-reader-text\">RaAupe &#8211; Revolution als Alltag: Gemeinsame \u00d6konomie und kollektive Organisation vom Leben<\/span> weiterlesen <span class=\"meta-nav\">&rarr;<\/span><\/a><\/p>\n","protected":false},"author":1,"featured_media":0,"parent":0,"menu_order":0,"comment_status":"closed","ping_status":"open","template":"","meta":{"footnotes":""},"class_list":["post-1112","page","type-page","status-publish","hentry"],"_links":{"self":[{"href":"https:\/\/buechermesse.ch\/index.php?rest_route=\/wp\/v2\/pages\/1112","targetHints":{"allow":["GET"]}}],"collection":[{"href":"https:\/\/buechermesse.ch\/index.php?rest_route=\/wp\/v2\/pages"}],"about":[{"href":"https:\/\/buechermesse.ch\/index.php?rest_route=\/wp\/v2\/types\/page"}],"author":[{"embeddable":true,"href":"https:\/\/buechermesse.ch\/index.php?rest_route=\/wp\/v2\/users\/1"}],"replies":[{"embeddable":true,"href":"https:\/\/buechermesse.ch\/index.php?rest_route=%2Fwp%2Fv2%2Fcomments&post=1112"}],"version-history":[{"count":3,"href":"https:\/\/buechermesse.ch\/index.php?rest_route=\/wp\/v2\/pages\/1112\/revisions"}],"predecessor-version":[{"id":1151,"href":"https:\/\/buechermesse.ch\/index.php?rest_route=\/wp\/v2\/pages\/1112\/revisions\/1151"}],"wp:attachment":[{"href":"https:\/\/buechermesse.ch\/index.php?rest_route=%2Fwp%2Fv2%2Fmedia&parent=1112"}],"curies":[{"name":"wp","href":"https:\/\/api.w.org\/{rel}","templated":true}]}}