{"id":1093,"date":"2018-04-12T17:32:47","date_gmt":"2018-04-12T15:32:47","guid":{"rendered":"http:\/\/buechermesse.ch\/?page_id=1093"},"modified":"2019-09-18T19:09:38","modified_gmt":"2019-09-18T17:09:38","slug":"communiquer-dans-une-zone-a-defendre-le-cas-de-la-zad-de-notre-dame-des-landes","status":"publish","type":"page","link":"https:\/\/buechermesse.ch\/?page_id=1093&lang=de","title":{"rendered":"Kommunikation in einem \u201ezu verteidigenden Gebiet\u201c: Das Beispiel der ZAD (zone \u00e0 d\u00e9fendre) von Notre-Dame-des-Landes"},"content":{"rendered":"<style type=\"text\/css\"><!--\n<span id=\"mce_marker\" data-mce-type=\"bookmark\"><\/span><span id=\"__caret\">_<\/span><!--\nP { margin-bottom: 0.1in; line-height: 120%; }\n--><\/style>\n<style type=\"text\/css\"><!--\nP { margin-bottom: 0.1in; line-height: 120%; }\n--><\/style>\n<p align=\"JUSTIFY\"><a href=\"http:\/\/buechermesse.ch\/wp-content\/uploads\/2018\/04\/Pre\u0301sentation-web-21.png\"><img loading=\"lazy\" decoding=\"async\" class=\"size-medium wp-image-1137 alignright\" alt=\"Pre\u0301sentation web-2\" src=\"http:\/\/buechermesse.ch\/wp-content\/uploads\/2018\/04\/Pre\u0301sentation-web-21-300x166.png\" width=\"300\" height=\"166\" srcset=\"https:\/\/buechermesse.ch\/wp-content\/uploads\/2018\/04\/Pre\u0301sentation-web-21-300x166.png 300w, https:\/\/buechermesse.ch\/wp-content\/uploads\/2018\/04\/Pre\u0301sentation-web-21-672x372.png 672w, https:\/\/buechermesse.ch\/wp-content\/uploads\/2018\/04\/Pre\u0301sentation-web-21.png 800w\" sizes=\"auto, (max-width: 300px) 100vw, 300px\" \/><\/a><\/p>\n<style type=\"text\/css\"><!--\nP { margin-bottom: 0.08in; }\n-->Kommunikation in einem \u201ezu verteidigenden Gebiet\u201c: Das Beispiel der ZAD (zone \u00e0 d\u00e9fendre) von Notre-Dame-des-Landes\n--><\/style>\n<p style=\"text-align: justify;\" align=\"LEFT\">Die Kommunikation in unseren R\u00e4umen und in unseren K\u00e4mpfen ist eine der grossen Herausforderungen, wenn es darum geht, uns intern und extern organisieren zu k\u00f6nnen. Sie ist auch einer der Bereiche, in denen die Spannungen und Widerspr\u00fcche zwischen unseren libert\u00e4ren Idealen und unseren konkreten und menschlichen Wirklichkeiten stark zu Tage treten. Die ZAD von Notre-Dame-des-Landes, seit zehn Jahren illegal besetzt, hat eine lange Geschichte, gepr\u00e4gt von Erfolgen und gescheiterten Versuchen, die wir mit euch diskutieren wollen.<\/p>\n<p style=\"text-align: justify;\" align=\"LEFT\">F\u00fcr diese Diskussion pr\u00e4sentieren und hinterfragen wir kollektiv drei Instrumente, die uns zentral erscheinen in der Organisation des Alltags der ZAD. Zuerst einmal ein Instrument zur internen Organisation, die Zad News, eine \u201eWochenzeitung\u201c der Besetzer*innenbewegung, die in Papierform in allen R\u00e4umen der ZAD verteilt wird. Dann stellen wir Radio Klaxon vor, den Piratensender, der die Frequenz von Vinci benutzt und sowohl zur internen als auch zur externen Organisation dient. \u00dcber die Radiofrequenz und im Internet werden Informationen verbreitet, das Radio wird aber w\u00e4hrend Repressionswellen auch strategisch genutzt. Schliesslich sprechen wir noch \u00fcber die Gruppe \u201eExterne Kommunikation\u201c, die sich um die Internetseite, die Mailadresse und das Nottelefon k\u00fcmmert.<\/p>\n<p style=\"text-align: justify;\" align=\"LEFT\">Eines der Ziele dieses Austausches wird sein, von unseren konkreten Erfahrungen in selbstverwalteten Zusammenh\u00e4ngen auszugehen und gemeinsam von unseren Erfolgen und gescheiterten Versuchen zu sprechen, um herauszufinden, was \u00fcber diese einzelnen Beispiele hinaus f\u00fcr alle n\u00fctzlich und anwendbar sein k\u00f6nnte.<\/p>\n","protected":false},"excerpt":{"rendered":"<p>Die Kommunikation in unseren R\u00e4umen und in unseren K\u00e4mpfen ist eine der grossen Herausforderungen, wenn es darum geht, uns intern und extern organisieren zu k\u00f6nnen. Sie ist auch einer der Bereiche, in denen die Spannungen und Widerspr\u00fcche zwischen unseren libert\u00e4ren Idealen und unseren konkreten und menschlichen Wirklichkeiten stark zu Tage treten. Die ZAD von Notre-Dame-des-Landes, &hellip; <a href=\"https:\/\/buechermesse.ch\/?page_id=1093&#038;lang=de\" class=\"more-link\"><span class=\"screen-reader-text\">Kommunikation in einem \u201ezu verteidigenden Gebiet\u201c: Das Beispiel der ZAD (zone \u00e0 d\u00e9fendre) von Notre-Dame-des-Landes<\/span> weiterlesen <span class=\"meta-nav\">&rarr;<\/span><\/a><\/p>\n","protected":false},"author":1,"featured_media":0,"parent":0,"menu_order":0,"comment_status":"closed","ping_status":"open","template":"","meta":{"footnotes":""},"class_list":["post-1093","page","type-page","status-publish","hentry"],"_links":{"self":[{"href":"https:\/\/buechermesse.ch\/index.php?rest_route=\/wp\/v2\/pages\/1093","targetHints":{"allow":["GET"]}}],"collection":[{"href":"https:\/\/buechermesse.ch\/index.php?rest_route=\/wp\/v2\/pages"}],"about":[{"href":"https:\/\/buechermesse.ch\/index.php?rest_route=\/wp\/v2\/types\/page"}],"author":[{"embeddable":true,"href":"https:\/\/buechermesse.ch\/index.php?rest_route=\/wp\/v2\/users\/1"}],"replies":[{"embeddable":true,"href":"https:\/\/buechermesse.ch\/index.php?rest_route=%2Fwp%2Fv2%2Fcomments&post=1093"}],"version-history":[{"count":8,"href":"https:\/\/buechermesse.ch\/index.php?rest_route=\/wp\/v2\/pages\/1093\/revisions"}],"predecessor-version":[{"id":1234,"href":"https:\/\/buechermesse.ch\/index.php?rest_route=\/wp\/v2\/pages\/1093\/revisions\/1234"}],"wp:attachment":[{"href":"https:\/\/buechermesse.ch\/index.php?rest_route=%2Fwp%2Fv2%2Fmedia&parent=1093"}],"curies":[{"name":"wp","href":"https:\/\/api.w.org\/{rel}","templated":true}]}}