{"id":1069,"date":"2018-04-12T17:22:02","date_gmt":"2018-04-12T15:22:02","guid":{"rendered":"http:\/\/buechermesse.ch\/?page_id=1069"},"modified":"2021-09-20T14:05:58","modified_gmt":"2021-09-20T12:05:58","slug":"presentations-discussions-3","status":"publish","type":"page","link":"https:\/\/buechermesse.ch\/?page_id=1069&lang=en","title":{"rendered":"Presentations &#038; Discussions Friday"},"content":{"rendered":"\n<h3 class=\"wp-block-heading\">7pm &#8211; 9pm<\/h3>\n\n\n\n<p style=\"text-align:center\"><strong>Book presentation: La Ligue d&#8217;action du b\u00e2timent. L&#8217;anarchisme \u00e0 la conqu\u00eate des chantiers genevois dans l&#8217;entre-deux-guerres<\/strong><img loading=\"lazy\" decoding=\"async\" width=\"150\" height=\"203\" class=\"wp-image-1942\" style=\"width: 150px;\" src=\"http:\/\/buechermesse.ch\/wp-content\/uploads\/2021\/03\/banner_medium-30-1.jpg\" alt=\"\"><\/p>\n\n\n\n<p>A\ndiscussion with the author. <\/p>\n\n\n\n<p>The Ligue\nof construction workers founded in the 1920s in Geneva soon became a real\nthreat for employers: who didn\u2019t respect their part of the contract, could see\nhis construction site demolished. The\nspectacular activism of the Ligue stands for the hopes and tensions in the\nSwiss labor market in between the two world wars. <\/p>\n\n\n\n<p>Followed\nby a discussion about direct action in today\u2019s syndicalist struggle<\/p>\n\n\n\n<h3 class=\"wp-block-heading\">9pm <\/h3>\n\n\n\n<p>Movie screening &#8222;Next Stop Utopia&#8220; about the Viome factory in Greece <\/p>\n\n\n\n<h3 class=\"wp-block-heading\">7pm &#8211; 11pm<\/h3>\n\n\n\n<p>Game\nNight<\/p>\n\n\n\n<p>It is\nwhat the name says: different board games, some more complicated, some easier,\nsome longer, some shorter. Please let us know in advance if you\u2019re coming! <\/p>\n","protected":false},"excerpt":{"rendered":"<p>7pm &#8211; 9pm Book presentation: La Ligue d&#8217;action du b\u00e2timent. L&#8217;anarchisme \u00e0 la conqu\u00eate des chantiers genevois dans l&#8217;entre-deux-guerres A discussion with the author. The Ligue of construction workers founded in the 1920s in Geneva soon became a real threat for employers: who didn\u2019t respect their part of the contract, could see his construction site &hellip; <a href=\"https:\/\/buechermesse.ch\/?page_id=1069&#038;lang=en\" class=\"more-link\"><span class=\"screen-reader-text\">Presentations &#038; Discussions Friday<\/span> weiterlesen <span class=\"meta-nav\">&rarr;<\/span><\/a><\/p>\n","protected":false},"author":1,"featured_media":0,"parent":0,"menu_order":0,"comment_status":"closed","ping_status":"closed","template":"","meta":{"footnotes":""},"class_list":["post-1069","page","type-page","status-publish","hentry"],"_links":{"self":[{"href":"https:\/\/buechermesse.ch\/index.php?rest_route=\/wp\/v2\/pages\/1069","targetHints":{"allow":["GET"]}}],"collection":[{"href":"https:\/\/buechermesse.ch\/index.php?rest_route=\/wp\/v2\/pages"}],"about":[{"href":"https:\/\/buechermesse.ch\/index.php?rest_route=\/wp\/v2\/types\/page"}],"author":[{"embeddable":true,"href":"https:\/\/buechermesse.ch\/index.php?rest_route=\/wp\/v2\/users\/1"}],"replies":[{"embeddable":true,"href":"https:\/\/buechermesse.ch\/index.php?rest_route=%2Fwp%2Fv2%2Fcomments&post=1069"}],"version-history":[{"count":7,"href":"https:\/\/buechermesse.ch\/index.php?rest_route=\/wp\/v2\/pages\/1069\/revisions"}],"predecessor-version":[{"id":2099,"href":"https:\/\/buechermesse.ch\/index.php?rest_route=\/wp\/v2\/pages\/1069\/revisions\/2099"}],"wp:attachment":[{"href":"https:\/\/buechermesse.ch\/index.php?rest_route=%2Fwp%2Fv2%2Fmedia&parent=1069"}],"curies":[{"name":"wp","href":"https:\/\/api.w.org\/{rel}","templated":true}]}}